{"id":1426,"date":"2020-08-31T21:29:38","date_gmt":"2020-08-31T21:29:38","guid":{"rendered":"https:\/\/lionsgatedistribution.com\/?page_id=1426"},"modified":"2026-04-09T10:49:54","modified_gmt":"2026-04-09T10:49:54","slug":"fr-about-us","status":"publish","type":"page","link":"https:\/\/lionsgatedistribution.com\/?page_id=1426","title":{"rendered":"Fr &#8211; About us"},"content":{"rendered":"<div class=\"brz-root__container brz-reset-all brz brz-root__container-page\">\n<section id=\"Home\" class=\"brz-section brz-css-a4fh0j brz-css-1dnxqpx\">\n<div class=\"brz-section__content brz-section--fullWidth brz-css-iki1ta brz-css-12e9u88\" data-brz-custom-id=\"vmdxesqricwjnjnicysahjopbekjmhxkodzb\">\n<div class=\"brz-bg\">\n<div class=\"brz-bg-image\"><\/div>\n<div class=\"brz-bg-color\"><\/div>\n<\/div>\n<div class=\"brz-container brz-css-vddmtq brz-css-rl5ztf\">\n<div id=\"\" class=\"brz-css-z7sbxw brz-css-12ssoy4 brz-wrapper\">\n<div class=\"brz-rich-text brz-rich-text__custom brz-css-1w2p2gx\" data-brz-custom-id=\"bvgyjyeaytlbunqxxdwqdvxyygeyqhxgnwbx\">\n<div data-brz-translate-text=\"1\">\n<p class=\"brz-text-lg-right brz-lh-lg-1_9 brz-lh-sm-im-1_6 brz-lh-xs-im-1_6 brz-ls-lg-0 brz-ls-sm-im-0 brz-ls-xs-im-0 brz-ff-blinker brz-ft-google brz-fw-lg-400 brz-fw-sm-im-400 brz-fw-xs-im-400 brz-fs-lg-18 brz-fs-sm-im-17 brz-fs-xs-im-17 brz-css-pzCb7\"><a class=\"link--external\" href=\"https:\/\/lionsgatedistribution.com\/?page_id=135\" data-brz-link-type=\"external\">English<\/a><a class=\"link--external\" href=\"https:\/\/lionsgatedistribution.com\/\" data-brz-link-type=\"external\"> <\/a><span> <\/span><a class=\"link--anchor\" href=\"#Home\" data-brz-link-type=\"anchor\">Fran\u00e7ais<\/a><a class=\"link--external\" href=\"https:\/\/lionsgatedistribution.com\/?page_id=1655\" data-brz-link-type=\"external\"> \u4e2d\u6587<\/a><span> <\/span><\/p>\n<\/div>\n<\/div>\n<\/div>\n<div id=\"\" class=\"brz-css-z7sbxw brz-css-124gvt2 brz-wrapper\">\n<div class=\"brz-image brz-css-1kxp0qn\" data-brz-custom-id=\"nddwlvqmdiprbxfrjubhzgnmnzhjetcicoby\"><a class=\"brz-a\" href=\"https:\/\/lionsgatedistribution.com\/?page_id=1416\" target=\"_self\" rel=\"noopener\" data-brz-link-type=\"external\"><img decoding=\"async\" class=\"brz-img\" src=\"https:\/\/lionsgatedistribution.com\/wp-content\/uploads\/brizy\/imgs\/DJ-N-314x217x14x0x286x217x1597161570.png\" alt=\"\" loading=\"lazy\"><\/a><\/div>\n<\/div>\n<div class=\"brz-wrapper-clone brz-css-z3rsl8 brz-css-1862332\">\n<div class=\"brz-d-xs-flex brz-flex-xs-wrap brz-css-xgxbk0 brz-css-9380ad\" data-brz-custom-id=\"\">\n<div class=\"brz-wrapper-clone__item\" id=\"rdtlrjkzutlimhbpmkrvevkhumdplzdkngdx\"><a class=\"brz-a brz-btn brz-css-1xv2bq2 brz-css-6yq4kx brz-css-zjcgyp brz-css-t1eod4\" href=\"https:\/\/lionsgatedistribution.com\/?page_id=1416\" target=\"_self\" rel=\"noopener\" data-brz-link-type=\"external\" data-brz-custom-id=\"rdtlrjkzutlimhbpmkrvevkhumdplzdkngdx\"><span data-brz-translate-text=\"1\" class=\"brz-span brz-text__editor\">&nbsp; &nbsp; &nbsp; &nbsp; Accueil&nbsp; &nbsp; &nbsp; &nbsp; &nbsp;<\/span><\/a><\/div>\n<\/div>\n<\/div>\n<div class=\"brz-wrapper-clone brz-css-z3rsl8 brz-css-1hq2l4w\">\n<div class=\"brz-d-xs-flex brz-flex-xs-wrap brz-css-xgxbk0 brz-css-1d7rp6f\" data-brz-custom-id=\"\">\n<div class=\"brz-wrapper-clone__item\" id=\"qiofcuklmfthwqbdxpsmnxyfrnwnjroqfiur\"><a class=\"brz-a brz-btn brz-css-1xv2bq2 brz-css-17j280a brz-css-zjcgyp brz-css-3fqs1v\" href=\"https:\/\/lionsgatedistribution.com\/?page_id=1426\" target=\"_self\" rel=\"noopener\" data-brz-link-type=\"external\" data-brz-custom-id=\"qiofcuklmfthwqbdxpsmnxyfrnwnjroqfiur\"><span data-brz-translate-text=\"1\" class=\"brz-span brz-text__editor\">&nbsp; &nbsp; &nbsp; &nbsp;A propos&nbsp; &nbsp; &nbsp; &nbsp;<\/span><\/a><\/div>\n<\/div>\n<\/div>\n<div class=\"brz-wrapper-clone brz-css-z3rsl8 brz-css-19xtkmd\">\n<div class=\"brz-d-xs-flex brz-flex-xs-wrap brz-css-xgxbk0 brz-css-wk7fld\" data-brz-custom-id=\"\">\n<div class=\"brz-wrapper-clone__item\" id=\"ytisdtqrmiplzstmiyootbunlxkrkxnbwtcj\"><a class=\"brz-a brz-btn brz-css-1xv2bq2 brz-css-3rfvew brz-css-zjcgyp brz-css-1xl8enz\" href=\"https:\/\/lionsgatedistribution.com\/?page_id=1442\" target=\"_self\" rel=\"noopener\" data-brz-link-type=\"external\" data-brz-custom-id=\"ytisdtqrmiplzstmiyootbunlxkrkxnbwtcj\"><span data-brz-translate-text=\"1\" class=\"brz-span brz-text__editor\">Nos partenaires<\/span><\/a><\/div>\n<\/div>\n<\/div>\n<div class=\"brz-wrapper-clone brz-css-z3rsl8 brz-css-einfpv\">\n<div class=\"brz-d-xs-flex brz-flex-xs-wrap brz-css-xgxbk0 brz-css-1gudt8a\" data-brz-custom-id=\"\">\n<div class=\"brz-wrapper-clone__item\" id=\"pfajrxnkwyscoshynrnjgykwsvlggynzdlch\"><a class=\"brz-a brz-btn brz-css-1xv2bq2 brz-css-kejw81 brz-css-zjcgyp brz-css-ue5px8\" href=\"https:\/\/lionsgatedistribution.com\/?page_id=1434\" target=\"_self\" rel=\"noopener\" data-brz-link-type=\"external\" data-brz-custom-id=\"pfajrxnkwyscoshynrnjgykwsvlggynzdlch\"><span data-brz-translate-text=\"1\" class=\"brz-span brz-text__editor\">Contactez-nous<\/span><\/a><\/div>\n<\/div>\n<\/div>\n<\/div>\n<\/div>\n<\/section>\n<section id=\"_xrkwbvirjcwbfktpxiabmwhomfcejqwpgfmm\" class=\"brz-section brz-css-a4fh0j\">\n<div class=\"brz-section__content brz-section--boxed brz-css-iki1ta brz-css-lavt21\" data-brz-custom-id=\"kglljppnlxlxlyezwkctxyiuicosvgitnetn\">\n<div class=\"brz-bg\">\n<div class=\"brz-bg-color\"><\/div>\n<\/div>\n<div class=\"brz-container brz-css-vddmtq\">\n<div class=\"brz-row__container brz-css-19tenwv brz-css-gh49c6\" data-brz-custom-id=\"gqpufzzrhblgyolqzzaeqnnblhzbfrgtmlqm\">\n<div class=\"brz-bg\"><\/div>\n<div class=\"brz-row brz-css-1wrfmd brz-css-lfdjy2\">\n<div class=\"brz-columns brz-css-dcljj brz-css-jkcbm8\" data-brz-custom-id=\"uvzdhoszcsudqnewqwxanxmezpenbzoonuww\">\n<div class=\"brz-bg\"><\/div>\n<div class=\"brz-column__items brz-css-10sduqw brz-css-1qjm8ab\">\n<div id=\"\" class=\"brz-css-z7sbxw brz-css-yosovo brz-wrapper\">\n<div class=\"brz-rich-text brz-rich-text__custom brz-css-1w2p2gx\" data-brz-custom-id=\"igoarmgrzbukjeuonjzekynsgvaczfnmgdvj\">\n<div data-brz-translate-text=\"1\">\n<h2 class=\"brz-ft-google brz-ff-blinker brz-ls-xs-im-m_1 brz-ls-sm-im-m_1 brz-ls-lg-m_1_5 brz-lh-xs-im-1_3 brz-lh-sm-im-1_2 brz-lh-lg-1_3 brz-text-lg-left brz-fw-lg-600 brz-fw-sm-im-600 brz-fw-xs-im-600 brz-fs-lg-41 brz-fs-sm-im-35 brz-fs-xs-im-33 brz-css-iR4ur\"><span class=\"brz-cp-color6\">A propos<\/span><\/h2>\n<\/div>\n<\/div>\n<\/div>\n<div id=\"\" class=\"brz-css-z7sbxw brz-wrapper\">\n<div class=\"brz-rich-text brz-rich-text__custom brz-css-1w2p2gx\" data-brz-custom-id=\"pjzxgboqghxyjaawobjliygcxzusublaeqin\">\n<div data-brz-translate-text=\"1\">\n<p class=\"brz-fs-xs-im-19 brz-fs-sm-im-19 brz-fs-lg-18 brz-fw-xs-im-400 brz-fw-sm-im-400 brz-fw-lg-400 brz-ft-google brz-ff-blinker brz-ls-xs-im-0 brz-ls-sm-im-0 brz-ls-lg-0 brz-lh-xs-im-1_5 brz-lh-sm-im-1_5 brz-lh-lg-1_8 brz-text-lg-justify brz-css-csQfx\"><span>Notre personnel s\u2019applique quotidiennement \u00e0 repr\u00e9senter nos quatre valeurs fondamentales dans le but de cr\u00e9er des exp\u00e9riences qui <\/span><strong>rapprochent les gens.<\/strong><\/p>\n<p class=\"brz-fs-xs-im-19 brz-fs-sm-im-19 brz-fs-lg-18 brz-tp-subtitle brz-text-lg-justify brz-css-jaiyC\"><span> <\/span><\/p>\n<p class=\"brz-fs-xs-im-19 brz-fs-sm-im-19 brz-fs-lg-18 brz-fw-xs-im-400 brz-fw-sm-im-400 brz-fw-lg-400 brz-ft-google brz-ff-blinker brz-ls-xs-im-0 brz-ls-sm-im-0 brz-ls-lg-0 brz-lh-xs-im-1_5 brz-lh-sm-im-1_5 brz-lh-lg-1_8 brz-text-lg-justify brz-css-ctQLB\"><span>Lions Gate est un distributeur mondial de vins et spiritueux. <\/span><strong>Notre mission<\/strong><span> est de cr\u00e9er des moments positifs et de d\u00e9passer toutes les attentes de nos partenaires gr\u00e2ce \u00e0 des rapports enrichissants et avec l&#8217;appui d\u2019une \u00e9quipe professionnelle et accueillante.<\/span><\/p>\n<\/div>\n<\/div>\n<\/div>\n<div id=\"\" class=\"brz-css-z7sbxw brz-css-111pavo brz-wrapper\">\n<div class=\"brz-spacer brz-css-133sj66 brz-css-1wpgf4a\"><\/div>\n<\/div>\n<\/div>\n<\/div>\n<div class=\"brz-columns brz-css-dcljj brz-css-1d83tmf\" data-brz-custom-id=\"vkuoepeqnzxagkaimvrnykjhburinguexkhj\">\n<div class=\"brz-bg\"><\/div>\n<div class=\"brz-column__items brz-css-10sduqw brz-css-2ogrjx\">\n<div id=\"\" class=\"brz-css-z7sbxw brz-css-19dazz0 brz-wrapper\">\n<div class=\"brz-image brz-css-t2t43n brz-css-t1uctw\" data-brz-custom-id=\"qxwkteedlthfalwemzlsvvokkpdljqsoeblw\"><img decoding=\"async\" class=\"brz-img\" src=\"https:\/\/lionsgatedistribution.com\/wp-content\/uploads\/brizy\/imgs\/bottle-1836261_1920-718x478x132x0x555x451x1596057223.jpg\" alt=\"\" loading=\"lazy\"><\/div>\n<\/div>\n<\/div>\n<\/div>\n<\/div>\n<\/div>\n<\/div>\n<\/div>\n<\/section>\n<section id=\"_jszttqyqrmokespsmaqaylsoemckmpnflddq\" class=\"brz-section brz-css-a4fh0j\">\n<div class=\"brz-section__content brz-section--fullWidth brz-css-iki1ta brz-css-406om7\" data-brz-custom-id=\"uyiwcqfdladsxyqnqfcnzhhjdgigbcgnsvsb\">\n<div class=\"brz-bg\">\n<div class=\"brz-bg-color\"><\/div>\n<\/div>\n<div class=\"brz-container brz-css-vddmtq brz-css-1japtvs\">\n<div class=\"brz-row__container brz-css-19tenwv\" data-brz-custom-id=\"nxuubtqelqhcoekerpzpwcxdiidolrmrijmx\">\n<div class=\"brz-bg\"><\/div>\n<div class=\"brz-row brz-css-1wrfmd brz-css-lfdjy2\">\n<div class=\"brz-columns brz-css-dcljj brz-css-jcjrwq\" data-brz-custom-id=\"ppuczkcdsighumnucfuxkpqelyborfedobxd\">\n<div class=\"brz-bg\"><\/div>\n<div class=\"brz-column__items brz-css-10sduqw brz-css-6z34fh\">\n<div id=\"\" class=\"brz-css-z7sbxw brz-wrapper\">\n<div class=\"brz-rich-text brz-rich-text__custom brz-css-1w2p2gx\" data-brz-custom-id=\"bdzkrtnprrfurnjdoddvkcepgjczhipmhakf\">\n<div data-brz-translate-text=\"1\">\n<h3 class=\"brz-text-xs-center brz-ff-blinker brz-ft-google brz-ls-lg-0_5 brz-ls-sm-im-2 brz-ls-xs-im-2 brz-lh-lg-1_3 brz-lh-sm-im-1_2 brz-lh-xs-im-1_2 brz-fw-lg-300 brz-fw-sm-im-300 brz-fw-xs-im-300 brz-fs-lg-18 brz-fs-sm-im-17 brz-fs-xs-im-12 brz-css-vEt71\"><span class=\"brz-cp-color6\">Abonne-toi si tu souhaites recevoir des mises \u00e0 jour, des informations et des actualit\u00e9s \u00e0 propos de Distribution Lions Gate.<\/span><\/h3>\n<\/div>\n<\/div>\n<\/div>\n<\/div>\n<\/div>\n<div class=\"brz-columns brz-css-dcljj brz-css-16zkgnx\" data-brz-custom-id=\"ufwrjuwgfjpgzdzbxcziuaqerzairrkrnqax\">\n<div class=\"brz-bg\"><\/div>\n<div class=\"brz-column__items brz-css-10sduqw brz-css-15d5uo4\">\n<div id=\"\" class=\"brz-css-z7sbxw brz-wrapper\">\n<div data-brz-form-version=\"2\" class=\"brz-forms2 brz-css-7mq73w brz-css-1hnt8y6\" data-brz-custom-id=\"ivysqiyxhiinvqcctddvqwkuxsvyzwipgdzq\">\n<div data-brz-translate-text=\"1\" class=\"brz-forms2__item brz-css-1dibcoy brz-css-nk2aa5 brz-css-ox9786 brz-css-1r37lvh\"><\/div>\n<div class=\"brz-forms2 brz-forms2__item brz-forms2__item-button\" data-brz-custom-id=\"ivysqiyxhiinvqcctddvqwkuxsvyzwipgdzq\"><button class=\"brz-btn brz-btn-submit brz-css-zjcgyp brz-css-1yyayzc\" data-brz-custom-id=\"frtbvrsqrvzzsiybwtaxkxikiyhxstsgppxm\"><span data-brz-translate-text=\"1\" class=\"brz-span brz-text__editor\">M&#8217;INSCRIRE<\/span><\/button><\/div>\n<div class=\"brz-g-recaptcha\" data-sitekey=\"\" data-size=\"invisible\" data-callback=\"brzFormV2Captcha\"><\/div>\n<\/div>\n<\/div>\n<\/div>\n<\/div>\n<\/div>\n<\/div>\n<div id=\"\" class=\"brz-css-z7sbxw brz-wrapper\">\n<div class=\"brz-rich-text brz-rich-text__custom brz-css-1w2p2gx\" data-brz-custom-id=\"dzpezpsotvxrwzfbhgzpbnbpapbdglnxuxbc\">\n<div data-brz-translate-text=\"1\">\n<p class=\"brz-mt-lg-8 brz-fs-xs-im-17 brz-fs-sm-im-17 brz-fs-lg-18 brz-fw-xs-im-400 brz-fw-sm-im-400 brz-fw-lg-400 brz-ft-google brz-ff-blinker brz-ls-xs-im-0 brz-ls-sm-im-0 brz-ls-lg-0 brz-lh-xs-im-1_6 brz-lh-sm-im-1_6 brz-lh-lg-1_9 brz-text-lg-center brz-css-qgrRS\"><a class=\"link--external\" href=\"http:\/\/mail.lionsgatedistribution.com:2096\" data-brz-link-type=\"external\">Connexion au Courriel Web<\/a><\/p>\n<\/div>\n<\/div>\n<\/div>\n<\/div>\n<\/div>\n<\/section>\n<\/div>\n<p>    <!-- version:1737552098 --><\/p>\n","protected":false},"excerpt":{"rendered":"<p>English Fran\u00e7ais \u4e2d\u6587 &nbsp; &nbsp; &nbsp; &nbsp; Accueil&nbsp; &nbsp; &nbsp; &nbsp; &nbsp; &nbsp; &nbsp; &nbsp; &nbsp;A propos&nbsp; &nbsp; &nbsp; &nbsp; Nos partenaires Contactez-nous A propos<\/p>\n<p><a href=\"https:\/\/lionsgatedistribution.com\/?page_id=1426\" class=\"more-link\">Read More<span class=\"screen-reader-text\">Fr &#8211; About us<\/span><\/a><\/p>\n","protected":false},"author":1,"featured_media":0,"parent":0,"menu_order":0,"comment_status":"closed","ping_status":"closed","template":"brizy-blank-template.php","meta":{"footnotes":""},"class_list":["post-1426","page","type-page","status-publish","hentry"],"brizy_media":[],"_links":{"self":[{"href":"https:\/\/lionsgatedistribution.com\/index.php?rest_route=\/wp\/v2\/pages\/1426","targetHints":{"allow":["GET"]}}],"collection":[{"href":"https:\/\/lionsgatedistribution.com\/index.php?rest_route=\/wp\/v2\/pages"}],"about":[{"href":"https:\/\/lionsgatedistribution.com\/index.php?rest_route=\/wp\/v2\/types\/page"}],"author":[{"embeddable":true,"href":"https:\/\/lionsgatedistribution.com\/index.php?rest_route=\/wp\/v2\/users\/1"}],"replies":[{"embeddable":true,"href":"https:\/\/lionsgatedistribution.com\/index.php?rest_route=%2Fwp%2Fv2%2Fcomments&post=1426"}],"version-history":[{"count":17,"href":"https:\/\/lionsgatedistribution.com\/index.php?rest_route=\/wp\/v2\/pages\/1426\/revisions"}],"predecessor-version":[{"id":2122,"href":"https:\/\/lionsgatedistribution.com\/index.php?rest_route=\/wp\/v2\/pages\/1426\/revisions\/2122"}],"wp:attachment":[{"href":"https:\/\/lionsgatedistribution.com\/index.php?rest_route=%2Fwp%2Fv2%2Fmedia&parent=1426"}],"curies":[{"name":"wp","href":"https:\/\/api.w.org\/{rel}","templated":true}]}}